+ 2362. Calculate m(88).
690
Let m(u) = 523*u - 318. Give m(0).
-318
Let q(l) = -6*l**2 - 963*l - 35475. Determine q(-103).
60
Let m(u) = 19*u**2 - 472*u + 126. What is m(24)?
-258
Let t(k) = -k**2 - 274*k + 50997. Determine t(127).
70
Let p(b) = 5*b**2 + 220*b - 3545. Give p(-57).
160
Let n(o) = -o**2 - 337*o - 7396. What is n(-21)?
-760
Let s(t) = -t**2 + 175*t - 4864. What is s(141)?
-70
Let x(y) = 4316*y**3 - 43160*y**2 + 11*y - 31. Give x(10).
79
Let i(u) = 1894*u**3 - 5*u**2 - 3*u. What is i(-1)?
-1896
Let y(w) = -8*w**2 + 691*w + 16975. What is y(-20)?
-45
Let m(c) = c**2 - 10*c + 150. Calculate m(7).
129
Let d(b) = 37500*b + 1237356. What is d(-33)?
-144
Let d(p) = -10*p**2 - 128*p - 975. Calculate d(-8).
-591
Let g(x) = -x**3 - 309*x**2 + 797*x + 54421. Give g(-311).
-4
Let u(p) = 2*p**2 - 2178*p + 85875. Calculate u(41).
-61
Let o(w) = -7*w**2 - 332*w + 71366. What is o(80)?
6
Let g(c) = -67*c**2 + 656*c + 65. What is g(10)?
-75
Let i(f) = f**3 + 75*f**2 - 385*f + 326. What is i(4)?
50
Let t(j) = 234973*j + 2584680. Determine t(-11).
-23
Let m(h) = -11*h**2 + 54*h - 37. Determine m(9).
-442
Let v(h) = -7*h**2 - 174*h + 3529. Give v(20).
-2751
Let x(l) = 425*l - 6345. Calculate x(16).
455
Let o(g) = 27*g**3 + 8*g**2 + 10*g - 1. Give o(4).
1895
Let k(j) = -j**3 - 165*j**2 - 497*j - 1769. What is k(-162)?
13
Let j(p) = p**3 - 15*p**2 + 6079*p - 66376. Give j(11).
9
Let t(c) = 15*c**2 + 456*c - 2667. Determine t(5).
-12
Let h(g) = g**3 + 51*g**2 + 642*g + 3. Calculate h(-22).
-85
Let j(u) = 88533*u - 354127. Calculate j(4).
5
Let y(c) = 3755*c - 71888. Determine y(19).
-543
Let p(h) = 636*h + 3422. What is p(-3)?
1514
Let s(z) = 5*z**3 - 3*z**2 - 117*z - 121. What is s(-4)?
-21
Let x(h) = -h**3 + 40*h**2 + 292*h + 2037. Calculate x(47).
298
Let t(n) = -1915*n - 1319442. Give t(-689).
-7
Let r(v) = -4*v**3 - 2*v**2 - 2176*v - 15. Give r(0).
-15
Let r(w) = 2*w**3 - 9*w**2 + 102*w - 544. What is r(5)?
-9
Let q(h) = 326*h + 15095. Determine q(-47).
-227
Let p(q) = -16460*q + 427855. Calculate p(26).
-105
Let b(w) = -w**3 - 38*w**2 - 212*w + 2556. Give b(-26).
-44
Let x(a) = -280*a - 4879. Calculate x(-19).
441
Let u(w) = 6925*w + 7014. Determine u(-1).
89
Let w(i) = -i**2 + 1564*i + 57519. Determine w(-36).
-81
Let m(o) = 632026*o - 3792160. Give m(6).
-4
Let m(i) = 697*i - 12143. Determine m(17).
-294
Let v(y) = y**2 - 5898*y + 47110. Give v(8).
-10
Let j(u) = 10918*u - 11021. Give j(1).
-103
Let z(k) = 1610*k**2 + 296*k - 294. Determine z(1).
1612
Let y(l) = 49528*l + 49568. Give y(-1).
40
Let n(h) = -3480*h + 31351. Give n(9).
31
Let z(a) = -a**2 - 276680*a - 3043373. What is z(-11)?
-14
Let z(m) = m**3 + 15*m**2 - 16*m + 6. Determine z(-16).
6
Let j(i) = -20*i**2 + 675*i + 3792. Give j(-5).
-83
Let w(p) = 3*p**2 + 11*p + 303. What is w(-18)?
1077
Let t(x) = 2*x**2 + 29*x - 795. Calculate t(14).
3
Let z(p) = 1172*p - 50401. What is z(43)?
-5
Let a(p) = -4974*p**2 - 29799*p + 273. Determine a(-6).
3
Let d(p) = 209*p**3 - 10*p**2 + 32*p - 31. Determine d(1).
200
Let y(u) = 11498*u - 712874. Give y(62).
2
Let l(o) = 692*o + 60091. Calculate l(-87).
-113
Let l(c) = -3*c**2 - 21*c + 7035. Calculate l(-52).
15
Let o(h) = 147*h**2 + 3164*h + 1706. Calculate o(-21).
89
Let d(q) = 221795*q - 887176. What is d(4)?
4
Let o(j) = 636*j - 14462. Determine o(17).
-3650
Let v(t) = -4551*t - 118304. Give v(-26).
22
Let k(j) = 11775*j + 1589638. What is k(-135)?
13
Let k(x) = -148093*x + 1036687. What is k(7)?
36
Let y(g) = 12657*g + 12671. Determine y(-1).
14
Let g(o) = 527*o + 15168. Determine g(-29).
-115
Let d(m) = -8*m**3 + 120*m**2 - 26*m + 388. Give d(15).
-2
Let a(w) = -17*w**2 + 94*w + 144. Determine a(10).
-616
Let g(n) = -n**3 + 9*n**2 + 14*n + 410. Calculate g(13).
-84
Let h(b) = -b**2 - 9091*b + 1593219. Calculate h(172).
-17
Let r(n) = 36*n**2 - 7941*n + 4691. Give r(220).
71
Let u(b) = 3*b**3 + 205*b**2 - 52*b - 7968. Calculate u(-68).
192
Let s(f) = -f**3 + 92*f**2 - 25*f + 2840. Determine s(92).
540
Let l(r) = -2*r**3 + 41*r**2 - 243*r + 1585. Give l(16).
1
Let u(z) = -47020*z + 27459674. What is u(584)?
-6
Let n(p) = -651*p - 203785. Calculate n(-313).
-22
Let v(a) = a**2 - 506*a - 30039. Calculate v(-53).
-412
Let g(u) = 459624*u - 6434743. What is g(14)?
-7
Let i(k) = 23*k**2 - 10623*k - 108524. What is i(-10)?
6
Let x(b) = 938*b**2 + 5673*b + 344. Calculate x(-6).
74
Let p(c) = 3*c**3 - 55*c**2 + 685*c - 12027. Give p(18).
-21
Let o(s) = 3*s**3 - 213*s**2 - 9*s + 322. Determine o(71).
-317
Let q(p) = -2*p**3 + 257*p**2 - 135*p + 1420. Calculate q(128).
524
Let g(u) = 3*u**3 - 838*u**2 - 578*u + 5037. What is g(280)?
-3
Let x(b) = 2221*b + 490881. Give x(-221).
40
Let v(y) = -215*y - 841. Give v(-4).
19
Let d(m) = 592*m - 6030. Give d(8).
-1294
Let y(k) = -7*k**2 + 3129*k + 19155. What is y(453)?
129
Let l(i) = -280*i + 19782. Calculate l(68).
742
Let n(r) = -2*r**2 + 5025*r + 40226. Calculate n(-8).
-102
Let q(r) = -7068*r - 9252041. Determine q(-1309).
-29
Let m(f) = -37536*f**2 + 1839266*f - 96. Determine m(49).
2
Let q(v) = v**2 + 763*v - 13048. Calculate q(17).
212
Let x(c) = -1389*c - 93065. What is x(-67)?
-2
Let z(i) = 1614*i + 119437. What is z(-74)?
1
Let a(q) = -872*q + 17149. What is a(20)?
-291
Let s(n) = n**2 - 1805*n - 194. Determine s(0).
-194
Let l(a) = -6836*a + 7880. What is l(1)?
1044
Let k(a) = -3*a**3 - 34*a**2 + 29*a + 172. Determine k(-11).
-268
Let l(b) = b**3 - 27*b**2 - 9480*b + 256297. Calculate l(27).
337
Let k(r) = -r**3 - 561*r**2 + 17724*r - 3396. What is k(-591)?
150
Let c(w) = 3976*w + 357859. What is c(-90)?
19
Let y(m) = 2*m**3 - 13*m**2 + 42*m + 141. Calculate y(0).
141
Let c(j) = -2*j**3 + 145*j**2 - 1506*j + 330. Calculate c(60).
-30
Let b(w) = 2*w**3 + 289*w**2 + 428*w + 26. Determine b(-143).
169
Let s(j) = -4*j**3 + 245*j**2 + 35155*j - 77. Calculate s(-68).
-9
Let u(i) = i**3 - 1270*i**2 - 17728*i + 3475. Give u(-14).
3
Let l(p) = 2*p**2 + 146*p - 44. Calculate l(-50).
-2344
Let q(p) = 2*p**3 + 17*p**2 + 1555*p + 17436. What is q(-11)?
-274
Let p(z) = 190*z**2 - 17668*z - 250. Calculate p(93).
-64
Let w(m) = m**2 + 240*m + 14632. Determine w(-128).
296
Let y(o) = 30711*o - 30305. What is y(1)?
406
Let o(l) = -2*l**3 - 17*l**2 + 199*l - 126. Give o(5).
194
Let l(v) = -409*v + 457. Calculate l(-3).
1684
Let v(f) = 32*f**2 + 3684*f + 425. Give v(-115).
-35
Let q(b) = b**3 + 21*b**2 + 2841*b + 81088. Calculate q(-27).
7
Let t(a) = 4099*a + 381216. Give t(-93).
9
Let y(w) = w**2 - 51119*w - 460165. Determine y(-9).
-13
Let v(r) = -r**3 + 113*r**2 - 33*r + 3679. What is v(113)?
-50
Let c(y) = y**2 - 11846*y + 2580637. Determine c(222).
109
Let l(z) = -z**3 + 20*z**2 + 3164*z - 60480. What is l(19)?
-3
Let j(r) = 63*r**2 + 11530*r + 188. Give j(-183).
5
Let a(b) = -2*b**3 + 323*b**2 + 178*b - 2585. Calculate a(162).
7
Let m(l) = l**3 - 146*l**2 - 410*l + 16870. What is m(148)?
-2
Let q(r) = -r**3 + 49*r**2 + 56*r + 89. Give q(50).
389
Let j(f) = 3*f**2 + 818*f - 25486. Determine j(-301).
99
Let r(z) = -72*z**2 - 23767*z - 2311. Determine r(-330).
-1
Let h(j) = 118078*j - 354193. What is h(3)?
41
Let a(r) = -r**3 + 84*r**2 + 2267*r - 203301. What is a(81)?
9
Let w(f) = 6*f**3 + 484*f**2 - 636*f + 339. What is w(-82)?
-1301
Let l(h) = -5051*h + 2576014. Calculate l(510).
4
Let f(g) = -11146*g - 22174. What is f(-2)?
118
Let l(x) = -13*x**3 - 11*x**2 - 510*x - 1077. Determine l(-2).
3
Let n(y) = -21*y + 62. Calculate n(-4).
146
Let z(v) = 4365*v - 7483. Calculate z(2).
1247
Let z(o) = -135*o - 8807. Give z(-103).
5098
Let t(o) = -o**2 - 25583*o - 383768. Give t(-15).
-248
Let r(l) = 22*l**2 + 380*l + 3044. What is r(-8)?
1412
Let f(h) = 14245*h + 142241. Give f(-10).
-209
Let k(q) = -6997*q - 112194. What is k(-16)?
-242
Let g(y) = 4792*y**2 + 378569*y + 77. Calculate g(-79).
-2
Let r(s) = -3222*s**2 - 261027*s - 3647. What is r(-81)?
-2
Let x(b) = -13929*b + 988948. Determine x(71).
-11
Let y(i) = 18*i**2 + 5027*i + 111402. Give y(-255).
-33
Let p(x) = -4*x**2 + 531*x + 1064. What is p(-2)?
-14
Let q(o) = 53*o + 2733. Calculate q(-54).
-129
Let s(i) = 1602*i + 12814. Determine s(-8).
-2
Let t(n) = -n**3 + 6*n**2 - 51122*n + 102238. What is t(2)?
10
Let a(s) = s**3 - 193*s**2 + 2669*s + 218. Determi